{"id":380,"date":"2023-08-25T05:49:27","date_gmt":"2023-08-25T10:49:27","guid":{"rendered":"https:\/\/emporiodelvino.pe\/?post_type=product&#038;p=380"},"modified":"2025-11-17T00:47:39","modified_gmt":"2025-11-17T05:47:39","slug":"dile-rosso","status":"publish","type":"product","link":"https:\/\/emporiodelvino.pe\/?product=dile-rosso","title":{"rendered":"DIL\u00c9 &#8211; D&#8217; ROSSO Barbera\/ Cabernet Sauvignon"},"content":{"rendered":"<h5><span style=\"color: #333333;\">DILE\u00b4 en dialecto de la Regi\u00f3n Piamont\u00e9s (ITALIA) significa \u00abimpresi\u00f3n\u00bb, una definici\u00f3n que identifica un signo profundo, \u00fanico e identificable. la huella de una mano o un dedo es una marca inconfundible. cada vino tiene su propia \u00abtarjeta de identidad\u00bb que proporciona informaci\u00f3n sobre el vi\u00f1edo, las uvas y el proceso de elaboraci\u00f3n del vino. el resultado es el \u00abDil\u00e9\u00bb del bodeguero, la imagen de su bodega y su filosof\u00eda.<\/span><\/h5>\n<h5><span style=\"color: #333333;\">Dile Rosso es un vino tinto pleno y excelente con un aroma exuberante acompa\u00f1ado de notas de frutos rojos. En boca es armonioso y equilibrado. Marida bien con los platos de entrada y\u00a0 platos con carnes rojas. Deje que el vino respire durante 30 minutos antes de servir.\u00a0<\/span><\/h5>\n<h5><span style=\"color: #333333;\">La fermentaci\u00f3n del mosto en contacto con las pieles una duraci\u00f3n de 6-7 d\u00edas a 23 C\u00ba para obtener un color y perfume perfecto, pasa a fermentaci\u00f3n malolattica. Despu\u00e9s de un corto periodo de maduraci\u00f3n y envejecimiento el vino es embotellado.<\/span><\/h5>\n<ul>\n<li>\n<h5><strong>Uva: Barbera y Cabernet Sauvignon.<\/strong><\/h5>\n<\/li>\n<li>\n<h5><strong>Capacidad: 750 ml.<\/strong><\/h5>\n<\/li>\n<li>\n<h5><strong>Graduaci\u00f3n: 14 \u00baVol.<\/strong><\/h5>\n<\/li>\n<li>\n<h5><strong>Pa\u00eds de Origen: PIEMONTE &#8211; ITALIA<\/strong><\/h5>\n<\/li>\n<li>\n<h5><strong>Servir a una temperatura ambiente 16 &#8211; 18 \u00b0C<\/strong><\/h5>\n<\/li>\n<\/ul>\n","protected":false},"excerpt":{"rendered":"<p>VINO TINTO<\/p>\n","protected":false},"featured_media":740,"template":"","meta":[],"product_brand":[],"product_cat":[28],"product_tag":[],"class_list":{"0":"post-380","1":"product","2":"type-product","3":"status-publish","4":"has-post-thumbnail","6":"product_cat-dile","8":"first","9":"instock","10":"shipping-taxable","11":"purchasable","12":"product-type-simple"},"_links":{"self":[{"href":"https:\/\/emporiodelvino.pe\/index.php?rest_route=\/wp\/v2\/product\/380","targetHints":{"allow":["GET"]}}],"collection":[{"href":"https:\/\/emporiodelvino.pe\/index.php?rest_route=\/wp\/v2\/product"}],"about":[{"href":"https:\/\/emporiodelvino.pe\/index.php?rest_route=\/wp\/v2\/types\/product"}],"wp:featuredmedia":[{"embeddable":true,"href":"https:\/\/emporiodelvino.pe\/index.php?rest_route=\/wp\/v2\/media\/740"}],"wp:attachment":[{"href":"https:\/\/emporiodelvino.pe\/index.php?rest_route=%2Fwp%2Fv2%2Fmedia&parent=380"}],"wp:term":[{"taxonomy":"product_brand","embeddable":true,"href":"https:\/\/emporiodelvino.pe\/index.php?rest_route=%2Fwp%2Fv2%2Fproduct_brand&post=380"},{"taxonomy":"product_cat","embeddable":true,"href":"https:\/\/emporiodelvino.pe\/index.php?rest_route=%2Fwp%2Fv2%2Fproduct_cat&post=380"},{"taxonomy":"product_tag","embeddable":true,"href":"https:\/\/emporiodelvino.pe\/index.php?rest_route=%2Fwp%2Fv2%2Fproduct_tag&post=380"}],"curies":[{"name":"wp","href":"https:\/\/api.w.org\/{rel}","templated":true}]}}