{"id":502,"date":"2023-08-29T23:36:30","date_gmt":"2023-08-29T21:36:30","guid":{"rendered":"https:\/\/emporiodelvino.pe\/?post_type=product&#038;p=502"},"modified":"2025-11-17T00:39:04","modified_gmt":"2025-11-17T05:39:04","slug":"prosecco-rose","status":"publish","type":"product","link":"https:\/\/emporiodelvino.pe\/?product=prosecco-rose","title":{"rendered":"RIONDO &#8211; PROSECCO ROSE&#8217; DOC 2024"},"content":{"rendered":"<p>&nbsp;<\/p>\n<p>RIONDO PROSECCO ROSE&#8217; \u00a0es un vino espumoso completo que combina dos de las variedades favoritas de Estados Unidos: Prosecco y Ros\u00e9.\u00a0Fresco y floral, este vino burbujeante es la manera perfecta de animar cualquier ocasi\u00f3n.<\/p>\n<p>&nbsp;<\/p>\n<p><strong>Denominaci\u00f3n:<\/strong>\u00a0V\u00e9neto, Italia<\/p>\n<p><strong>Porcentaje de alcohol:<\/strong>\u00a011%<\/p>\n<p><strong>Az\u00facar Residual:<\/strong>\u00a016 g\/l<\/p>\n<p><strong>Fermentaci\u00f3n:<\/strong>\u00a0Maceraci\u00f3n en fr\u00edo de la uva, fermentaci\u00f3n primaria a temperatura controlada de 16\u00b0C seguida de fermentaci\u00f3n secundaria en dep\u00f3sitos presurizados de acero inoxidable durante 2 meses.<\/p>\n<p style=\"text-align: left;\"><strong>Cierre de botella:<\/strong> En corcho<\/p>\n<p><strong>Tama\u00f1o de la botella:<\/strong>\u00a0750 ml<\/p>\n","protected":false},"excerpt":{"rendered":"<p>RIONDO PROSECCO ROSE&#8217; DOC<\/p>\n","protected":false},"featured_media":762,"template":"","meta":[],"product_brand":[],"product_cat":[30],"product_tag":[],"class_list":{"0":"post-502","1":"product","2":"type-product","3":"status-publish","4":"has-post-thumbnail","6":"product_cat-riondo","8":"first","9":"instock","10":"shipping-taxable","11":"purchasable","12":"product-type-simple"},"_links":{"self":[{"href":"https:\/\/emporiodelvino.pe\/index.php?rest_route=\/wp\/v2\/product\/502","targetHints":{"allow":["GET"]}}],"collection":[{"href":"https:\/\/emporiodelvino.pe\/index.php?rest_route=\/wp\/v2\/product"}],"about":[{"href":"https:\/\/emporiodelvino.pe\/index.php?rest_route=\/wp\/v2\/types\/product"}],"wp:featuredmedia":[{"embeddable":true,"href":"https:\/\/emporiodelvino.pe\/index.php?rest_route=\/wp\/v2\/media\/762"}],"wp:attachment":[{"href":"https:\/\/emporiodelvino.pe\/index.php?rest_route=%2Fwp%2Fv2%2Fmedia&parent=502"}],"wp:term":[{"taxonomy":"product_brand","embeddable":true,"href":"https:\/\/emporiodelvino.pe\/index.php?rest_route=%2Fwp%2Fv2%2Fproduct_brand&post=502"},{"taxonomy":"product_cat","embeddable":true,"href":"https:\/\/emporiodelvino.pe\/index.php?rest_route=%2Fwp%2Fv2%2Fproduct_cat&post=502"},{"taxonomy":"product_tag","embeddable":true,"href":"https:\/\/emporiodelvino.pe\/index.php?rest_route=%2Fwp%2Fv2%2Fproduct_tag&post=502"}],"curies":[{"name":"wp","href":"https:\/\/api.w.org\/{rel}","templated":true}]}}